 + 6?
6
Suppose 5 = -r + 2*r. What is the units digit of r?
5
Let c be (-12)/54 - 29/(-9). Suppose 2*p + 6 = 4*p, 81 = c*t + 5*p. What is the tens digit of t?
2
Let f(y) = 12*y - 18. Let m(v) = -4*v + 6. Let l(p) = -3*f(p) - 8*m(p). What is the tens digit of l(-8)?
3
Suppose -2*g = -42 + 14. What is the units digit of g?
4
Let t = 1 + 2. Suppose 30 = -a + t*a. What is the tens digit of a?
1
Suppose -3*d + 850 = w, -4*d - 4*w - 381 + 1517 = 0. What is the hundreds digit of d?
2
Let s(m) be the first derivative of 7/2*m**2 + 1 - m. What is the units digit of s(1)?
6
Suppose -4*z - 2*u + 80 = 0, 3*z - 2*u = z + 52. What is the tens digit of z?
2
Let o(u) = -3*u + 4*u + 2*u**2 - 2*u**3 - u**2 + u**3 - 1. What is the units digit of o(-2)?
9
Let u = 2 - 0. Suppose u*i = -0*i + 22. Suppose -m + 5*h = -i, 0*h - 7 = -3*m + 2*h. What is the units digit of m?
1
Suppose 4*m = m + 2*r - 23, m + 15 = -3*r. Let y(t) = t**2 + 8*t - 2. What is the units digit of y(m)?
7
Let x(c) = 8*c + 2. Let p(t) = -7*t - 2. Let i(g) = -4*p(g) - 3*x(g). What is the units digit of i(6)?
6
What is the tens digit of ((-1)/(-2))/((-8)/(-1408))?
8
Let n(f) = -f**2 - 6*f + 4. Let b be (-1)/2 + 27/6. Suppose -6 = b*m - 2*m. What is the units digit of n(m)?
3
Suppose -3*y - 5*z + 184 = 0, -5*y - 4*z + z + 296 = 0. What is the tens digit of y?
5
Let n be 396/(-16) - 2/8. Let q = n + 35. What is the units digit of (4/q)/((-1)/(-10))?
4
Let o be 0 - 0 - -7*3. Let w = o + -12. What is the units digit of w?
9
Let a = 134 + -67. What is the units digit of a?
7
Let n = -26 - -17. Let l = n + 11. What is the units digit of l?
2
Let u = 0 + 7. What is the units digit of u?
7
Suppose -x - 2*x = -3*r - 99, -3*x - 3*r = -87. What is the units digit of x?
1
Let q be -3 - -1 - 3/(-3). What is the tens digit of -11*(q - -2)/(-1)?
1
Let p(w) = 2*w - 1. Let j be p(4). Let r be 0 + 1 + (3 - j). Let k = 4 + r. What is the units digit of k?
1
Suppose 24 = 35*r - 38*r. Let z(o) = -2*o + 14. What is the units digit of z(r)?
0
Let t be 10 + (-1 - 0) + 2. Let u be (-1)/((-104)/34 + 3). Let i = u - t. What is the units digit of i?
6
Let g = 85 + -19. What is the units digit of g?
6
Let c = 90 + 75. What is the units digit of c?
5
Suppose -5*t + 24 = -11. What is the units digit of t?
7
Let m(p) = p**3 - p**2 + 4*p + 15. What is the tens digit of m(5)?
3
What is the units digit of (-416)/(-9) + 10/(-45)?
6
Let k(w) = w**2 + 10*w + 2. Let z be k(-10). Suppose -z*n = -30 - 4. What is the tens digit of n?
1
What is the units digit of (-36 - 0)*(-3)/2?
4
Let n be (0 + 2 + 2)*-2. Let d(l) = -l + 2. Let a be d(n). Let k = a + -5. What is the units digit of k?
5
Let o(s) = -s**2 + 6*s - 4. Suppose 0 = -2*u - 0*u + 48. Suppose 3*k = 5*a - 8, 0 = -k + 3*k + 4*a - u. What is the units digit of o(k)?
4
Suppose -p - 1 + 9 = 0. What is the units digit of p?
8
Let y(x) = 5*x - 30. What is the units digit of y(9)?
5
Let d = -94 + 114. What is the tens digit of d?
2
What is the hundreds digit of (-12782)/(-70) - (1 + 4/(-10))?
1
Let b = 8 - -7. What is the tens digit of b?
1
Let f be -2 + (-54)/(-3) - 2. Let k = f - 6. What is the units digit of k?
8
Suppose 11*n + 12 = 14*n. Suppose v - 20 = -3*s, 0 = n*v - 3*s + 2*s - 15. What is the units digit of v?
5
Let l(t) = t**2 + 3*t - 8. What is the tens digit of l(4)?
2
Let c = 33 + 15. What is the tens digit of c?
4
Suppose -100 = -29*j + 27*j. What is the tens digit of j?
5
Suppose -5 = 5*b + 5, 22 = 2*d + 3*b. Suppose 0*m = -m + d. What is the units digit of m?
4
Suppose 2*u - 1 = 1. Let q be u*2/(2/(-33)). What is the units digit of 2/11 - 390/q?
2
Let x(w) = -w**3 - w**2 - w + 23. Suppose -2*s + 5*s + 6 = 3*n, -3*n + 2*s = -4. Let t be x(n). Let d = t - 16. What is the units digit of d?
7
What is the tens digit of (-2)/1 + 2 + 22?
2
Suppose 3*x = -2*x + 10. Let k be x/(-3) - 55/(-15). Suppose n + 18 = k*n. What is the units digit of n?
9
Let c = -12 + 19. Let t(r) = 2*r - 3. Let h be t(8). Let n = h - c. What is the units digit of n?
6
Let x be (-16)/(-6) - 4/6. Let r be x/(-4)*(-6 - -2). Suppose -a + r = -11. What is the units digit of a?
3
Suppose -17 - 23 = 5*f. Let k = 10 + f. What is the units digit of k?
2
Let d = 10 + -14. What is the units digit of 10 - 2*(-2)/d?
9
Suppose -3*c + 3*f = -0*f - 114, -5*f + 62 = c. What is the units digit of c?
2
Let v(h) = -h**2 - 5*h - 4. Let g be v(-4). What is the tens digit of 1 + g + (-3 - -24)?
2
Suppose 5*k - 1 - 8 = -d, k = -2*d + 9. Suppose 4*b + d = 72. What is the tens digit of b?
1
Let m(h) = h**3 + 3. Let v(q) = q**3 + 3*q**2 + 2*q. Let p be v(-2). Let s be m(p). What is the units digit of 5/2 - s/(-6)?
3
Let y(t) = 4*t**3 - t**2. Let i be y(-1). Let a(u) = -4*u**2 + 14*u. Let q(w) = w**2 - 5*w. Let d(s) = 2*a(s) + 7*q(s). What is the tens digit of d(i)?
1
Let y = -1 + 25. What is the units digit of y?
4
Let s = -1 + 2. What is the units digit of -3 + 2 + 2 + s?
2
Suppose 3*n = -n - 44. Let k(l) = l**3 + 11*l**2 - 3*l - 11. What is the units digit of k(n)?
2
Let a(g) = -1. Let v(k) = 6*k + 0*k - 4 + k - 4*k. Let x(y) = 3*a(y) - v(y). What is the tens digit of x(-4)?
1
Let t(c) = 2*c**2 + 8*c - 4. Let i be t(-7). Suppose -3*h + 5*u = -i, -5*h + 3*h + 4 = 2*u. Suppose -r = -0 - h. What is the units digit of r?
6
Suppose 2*j - 51 - 8 = -5*d, 3*d + 70 = 5*j. Let k = -2 + j. What is the tens digit of k?
1
Suppose 14 = 2*a - 4*q, 2*a = -8*q + 3*q - 4. Let n be 3/(1 - 1/(-2)). Suppose -a*p + p = -n. What is the units digit of p?
1
Suppose 562 + 66 = 4*y. What is the tens digit of y?
5
Let q(n) = 12*n**2 - 4*n + 3. Let m(o) = 3*o - 8 - 3*o + 4*o - 36*o**2 + 7*o. Let b(j) = -3*m(j) - 8*q(j). What is the units digit of b(1)?
1
Suppose 105 = 3*q + 2*q. Suppose -q*r + 19*r + 58 = 0. What is the tens digit of r?
2
Let k(q) = 4 + 14 - 4 + q. Let y = 21 - 27. What is the units digit of k(y)?
8
Suppose 2727 = -7*q + 16*q. What is the tens digit of q?
0
Let s = -32 - -55. What is the tens digit of s?
2
Let j(a) = -a**3 + 8*a**2 - 5*a - 7. Let y(c) = -c**3 + 5*c**2 - 3*c - 2. Let s be y(3). What is the units digit of j(s)?
7
Let n = 39 - -99. What is the tens digit of n?
3
Suppose -5*q + 11 = 1. Suppose 0 = -q*n - 2*n. Suppose 5*x + 0*x - 40 = n. What is the units digit of x?
8
Let q(d) = -d**3 + 7*d**2 - 5*d. Let k be q(6). Let m be -35 + k/((-6)/(-2)). What is the units digit of m/(-1)*(-2)/(-6)?
1
Let b be -8 + 5 + 16/2. Suppose 2*i = 3*c + 13, b*c = -10 - 5. Suppose 3*v - 17 + i = 0. What is the units digit of v?
5
Let p(t) be the second derivative of 11*t**3/6 + t**2 + 4*t. What is the tens digit of p(1)?
1
Let o(g) = 2*g**3 - 6*g**2 + 7*g - 20. What is the units digit of o(5)?
5
What is the units digit of 3/((-3)/(-2)*1)?
2
Suppose -7*l - 38 = -227. What is the units digit of l?
7
Suppose c - 3*f = -4*f + 13, -4*c - 5*f = -57. Suppose -4*q = -0*q + 24. Let n = c + q. What is the units digit of n?
2
Let k be (1 - 0)/((-2)/(-4)). What is the units digit of 1 + 7 + (2 - k)?
8
Suppose -44*c = -39*c - 590. What is the tens digit of c?
1
Let w(a) = a**2 + 53. What is the units digit of w(0)?
3
Let r be 2 + (-3 - -1) + 2. Let g be (-7 + r)*(-6)/10. Suppose g*s - 3 = -0. What is the units digit of s?
1
Let f = 179 + -100. What is the units digit of f?
9
Suppose 0 = -0*m + 2*m. Suppose m = 6*h - 3*h - 18. What is the units digit of h?
6
Suppose 0*b = 2*b. Let l(q) = -q**2 + 4. Let n be l(b). Suppose 5*p + 9 - 40 = -n*f, f + 1 = 0. What is the units digit of p?
7
Suppose -4*d + 8*d = 88. What is the units digit of d?
2
Let u = -1 - -6. Suppose -u*f - 32 = 158. Let l = 59 + f. What is the units digit of l?
1
What is the units digit of (-18)/3*-1 - 2?
4
Suppose 15 = -4*f + 5*f - 2*z, -4*f + 50 = -3*z. Let r be (-2)/(-8) + f/4. Suppose -3*h + 2*m = -20, -2*m - 4 = r*h + 2*m. What is the units digit of h?
4
Suppose 21*l - 13*l = 1440. What is the units digit of l?
0
Let b = 4 - 1. Let o be 1/b - (-42)/9. Suppose -o*j - 21 = -66. What is the units digit of j?
9
Let z(t) = t. Suppose 2*s - 1 = 5. Let y(x) = 6*x + 4. Let q(o) = s*z(o) - y(o). What is the units digit of q(-4)?
8
Let c(j) = 4*j**2 - j - 1. Let h be c(-4). Suppose -2*d + h = 5*p, -5*d + 0*d + 5 = 0. What is the tens digit of p?
1
Let q = 27 - 59. Let c be (-6)/27 + q/18. What is th